ors of 19180411.
137, 191, 733
List the prime factors of 1237522.
2, 11, 13, 4327
What are the prime factors of 753327?
3, 27901
List the prime factors of 119891.
119891
What are the prime factors of 19551270?
2, 3, 5, 67, 71, 137
List the prime factors of 110682.
2, 3, 11, 13, 43
List the prime factors of 198889.
59, 3371
What are the prime factors of 4619500?
2, 5, 9239
What are the prime factors of 2180755?
5, 436151
What are the prime factors of 630157?
11, 57287
What are the prime factors of 1116820?
2, 5, 19, 2939
What are the prime factors of 35741?
103, 347
List the prime factors of 3849223.
7, 191, 2879
List the prime factors of 1372855.
5, 11, 109, 229
List the prime factors of 170511.
3, 11, 5167
List the prime factors of 275573.
275573
What are the prime factors of 3291464?
2, 11, 113, 331
List the prime factors of 291426.
2, 3, 48571
List the prime factors of 492295.
5, 98459
What are the prime factors of 16915781?
2903, 5827
List the prime factors of 12776874.
2, 3, 11, 17599
What are the prime factors of 1955155?
5, 391031
What are the prime factors of 1036045?
5, 109, 1901
List the prime factors of 752362.
2, 13, 19, 1523
What are the prime factors of 1119672?
2, 3, 15551
What are the prime factors of 13515343?
61, 149, 1487
List the prime factors of 667538.
2, 333769
What are the prime factors of 10321853?
31, 37, 8999
List the prime factors of 796480.
2, 5, 19, 131
What are the prime factors of 16328?
2, 13, 157
What are the prime factors of 1047963?
3, 7, 7129
List the prime factors of 714898.
2, 271, 1319
List the prime factors of 1823510.
2, 5, 13, 83
What are the prime factors of 9734624?
2, 61, 4987
What are the prime factors of 1221040?
2, 5, 15263
List the prime factors of 1850642.
2, 433, 2137
What are the prime factors of 8367548?
2, 7, 298841
List the prime factors of 3639735.
3, 5, 11, 19, 43
List the prime factors of 22922027.
83, 277, 997
What are the prime factors of 6571349?
31, 211979
What are the prime factors of 929582?
2, 73, 6367
List the prime factors of 17751468.
2, 3, 7, 17, 31, 401
List the prime factors of 951546.
2, 3, 158591
List the prime factors of 9423543.
3, 701, 4481
What are the prime factors of 3439796?
2, 137, 6277
List the prime factors of 120329.
11, 10939
What are the prime factors of 2570348?
2, 11, 58417
List the prime factors of 11008975.
5, 61, 7219
What are the prime factors of 1039977?
3, 115553
What are the prime factors of 12823930?
2, 5, 7, 167, 1097
List the prime factors of 349857.
3, 38873
List the prime factors of 10803676.
2, 13, 207763
List the prime factors of 7486836.
2, 3, 7, 19, 4691
What are the prime factors of 763118?
2, 381559
List the prime factors of 407482.
2, 79, 2579
List the prime factors of 18999773.
13, 431, 3391
What are the prime factors of 22679855?
5, 11, 467, 883
List the prime factors of 166825.
5, 6673
What are the prime factors of 1651205?
5, 330241
List the prime factors of 12763868.
2, 13, 389, 631
List the prime factors of 8002772.
2, 2000693
What are the prime factors of 674841?
3, 224947
What are the prime factors of 331365?
3, 5, 22091
What are the prime factors of 1931043?
3, 643681
List the prime factors of 275488.
2, 8609
What are the prime factors of 1356639?
3, 452213
List the prime factors of 3158575.
5, 7, 18049
What are the prime factors of 2309690?
2, 5, 230969
What are the prime factors of 1698170?
2, 5, 169817
List the prime factors of 18724906.
2, 151, 62003
What are the prime factors of 425628?
2, 3, 7, 563
List the prime factors of 48738.
2, 3, 8123
What are the prime factors of 32641300?
2, 5, 43, 7591
List the prime factors of 243160.
2, 5, 6079
List the prime factors of 2052685.
5, 199, 2063
List the prime factors of 60665.
5, 11, 1103
List the prime factors of 19441571.
29, 670399
What are the prime factors of 1688600?
2, 5, 8443
What are the prime factors of 6486101?
6486101
What are the prime factors of 667032?
2, 3, 27793
List the prime factors of 486860.
2, 5, 11, 2213
What are the prime factors of 1112511?
3, 370837
List the prime factors of 239435.
5, 7, 6841
What are the prime factors of 1269193?
1269193
What are the prime factors of 5345610?
2, 3, 5, 178187
List the prime factors of 3851444.
2, 962861
What are the prime factors of 72270?
2, 3, 5, 11, 73
What are the prime factors of 2328091?
29, 80279
List the prime factors of 2127336.
2, 3, 137, 647
What are the prime factors of 1043014?
2, 7, 29, 367
What are the prime factors of 846227?
37, 22871
What are the prime factors of 3073878?
2, 3, 389, 439
What are the prime factors of 324873?
3, 36097
List the prime factors of 63201.
3, 21067
What are the prime factors of 7457455?
5, 1491491
What are the prime factors of 2649329?
2649329
List the prime factors of 1309849.
1309849
List the prime factors of 1486091.
1486091
List the prime factors of 356443.
356443
What are the prime factors of 3566853?
3, 61, 73, 89
What are the prime factors of 8150539?
8150539
List the prime factors of 172681.
172681
List the prime factors of 6327492.
2, 3, 527291
List the prime factors of 6278919.
3, 2092973
List the prime factors of 135859.
135859
List the prime factors of 770070.
2, 3, 5, 7, 19, 193
What are the prime factors of 15382089?
3, 43, 13249
List the prime factors of 9844261.
7, 19, 74017
List the prime factors of 879475.
5, 127, 277
List the prime factors of 5418053.
17, 89, 3581
List the prime factors of 257968.
2, 23, 701
List the prime factors of 628434.
2, 3, 34913
List the prime factors of 2508015.
3, 5, 61, 2741
What are the prime factors of 5597680?
2, 5, 11, 6361
What are the prime factors of 129974?
2, 13, 4999
What are the prime factors of 241628?
2, 29, 2083
What are the prime factors of 18130720?
2, 5, 47, 2411
List the prime factors of 1845072.
2, 3, 4271
What are the prime factors of 4964010?
2, 3, 5, 337, 491
List the prime factors of 30345.
3, 5, 7, 17
List the prime factors of 4430654.
2, 2215327
List the prime factors of 2322439.
7, 331777
What are the prime factors of 16493168?
2, 1030823
List the prime factors of 410638.
2, 205319
What are the prime factors of 321644?
2, 191, 421
What are the prime factors of 7587296?
2, 41, 5783
List the prime factors of 1423752.
2, 3, 11, 5393
List the prime factors of 176829.
3, 58943
What are the prime factors of 33349488?
2, 3, 694781
What are the prime factors of 1853569?
41, 53, 853
List the prime factors of 2487636.
2, 3, 43, 1607
List the prime factors of 6706636.
2, 17, 98627
What are the prime factors of 727416?
2, 3, 10103
What are the prime factors of 635344?
2, 39709
List the prime factors of 218670.
2, 3, 5, 37, 197
List the prime factors of 261010.
2, 5, 43, 607
List the prime factors of 259894.
2, 199, 653
What are the prime factors of 320588?
2, 80147
What are the prime factors of 6628675?
5, 29, 41, 223
What are the prime factors of 2180089?
2180089
What are the prime factors of 4820227?
4820227
What are the prime factors of 1191907?
929, 1283
List the prime factors of 11890125.
3, 5, 13, 271
List the prime factors of 455261.
455261
List the prime factors of 1831030.
2, 5, 19, 23, 419
What are the prime factors of 145549?
145549
What are the prime factors of 4112793?
3, 17, 26881
List the prime factors of 1793999.
19, 94421
List the prime factors of 19581187.
47, 416621
What are the prime factors of 15420836?
2, 17, 226777
What are the prime factors of 4937121?
3, 7, 78367
What are the prime factors of 4957463?
7, 29, 24421
What are the prime factors of 8588759?
641, 13399
What are the prime factors of 272527?
17, 23, 41
List the prime factors of 1234178.
2, 11, 56099
List the prime factors of 12321671.
19, 648509
What are the prime factors of 280099?
280099
What are the prime factors of 399898?
2, 79, 2531
List the prime factors of 7316600.
2, 5, 36583
What are the prime factors of 5666538?
2, 3, 953, 991
What are the prime factors of 981080?
2, 5, 24527
What are the prime factors of 852849?
3, 10529
What are the prime factors of 436864?
2, 3413
List the prime factors of 4568862.
2, 3, 761477
What are the prime factors of 28191826?
2, 13, 1084301
List the prime factors of 86067.
3, 73, 131
List the prime factors of 688928.
2, 21529
What are the prime factors of 14135083?
677, 20879
List the prime 